{"id":684,"date":"2016-10-05T17:23:54","date_gmt":"2016-10-05T15:23:54","guid":{"rendered":"https:\/\/dev3.quartierverein-zollikerberg.ch\/?page_id=684"},"modified":"2020-09-16T16:09:36","modified_gmt":"2020-09-16T14:09:36","slug":"unterfuehrungen","status":"publish","type":"page","link":"https:\/\/dev3.quartierverein-zollikerberg.ch\/?page_id=684","title":{"rendered":"Unterf\u00fchrungen"},"content":{"rendered":"\n<p>Der Quartierverein beobachtet schon seit langem die problematische Qualit\u00e4t der Unterf\u00fchrungen im Zollikerberg.<\/p>\n\n\n\n<p>Der Zustand einzelner Unterf\u00fchrungen hat sich deutlich verschlechtert und die Schmierereien sind ein grosses Aergernis! <\/p>\n\n\n\n<!-- index.php -->\n<div\n\tclass=\"ngg-galleryoverview ngg-ajax-pagination-none\"\n\tid=\"ngg-gallery-c0ab1cc1f5cbef37cb8892d25fe552b6-1\">\n\n    \t<div class=\"slideshowlink\">\n        <a href='https:\/\/dev3.quartierverein-zollikerberg.ch\/index.php\/nggallery\/slideshow?page_id=684'>[Zeige eine Slideshow]<\/a>\n\t\t\n\t<\/div>\n\t\t\t<!-- Thumbnails -->\n\t\t\t\t<div id=\"ngg-image-0\" class=\"ngg-gallery-thumbnail-box\" >\n\t\t\t\t        <div class=\"ngg-gallery-thumbnail\">\n            <a href=\"https:\/\/dev3.quartierverein-zollikerberg.ch\/wp-content\/gallery\/unterfuehrungen\/DSC07377.JPG\"\n               title=\"\"\n               data-src=\"https:\/\/dev3.quartierverein-zollikerberg.ch\/wp-content\/gallery\/unterfuehrungen\/DSC07377.JPG\"\n               data-thumbnail=\"https:\/\/dev3.quartierverein-zollikerberg.ch\/wp-content\/gallery\/unterfuehrungen\/thumbs\/thumbs_DSC07377.JPG\"\n               data-image-id=\"185\"\n               data-title=\"DSC07377\"\n               data-description=\"\"\n               data-image-slug=\"dsc07377\"\n               class=\"ngg-fancybox\" rel=\"c0ab1cc1f5cbef37cb8892d25fe552b6\">\n                <img\n                    title=\"DSC07377\"\n                    alt=\"DSC07377\"\n                    src=\"https:\/\/dev3.quartierverein-zollikerberg.ch\/wp-content\/gallery\/unterfuehrungen\/thumbs\/thumbs_DSC07377.JPG\"\n                    width=\"240\"\n                    height=\"160\"\n                    style=\"max-width:100%;\"\n                \/>\n            <\/a>\n        <\/div>\n\t\t\t\t\t\t\t<\/div> \n\t\t\t\n        \n\t\t\t\t<div id=\"ngg-image-1\" class=\"ngg-gallery-thumbnail-box\" >\n\t\t\t\t        <div class=\"ngg-gallery-thumbnail\">\n            <a href=\"https:\/\/dev3.quartierverein-zollikerberg.ch\/wp-content\/gallery\/unterfuehrungen\/DSC07378.JPG\"\n               title=\"\"\n               data-src=\"https:\/\/dev3.quartierverein-zollikerberg.ch\/wp-content\/gallery\/unterfuehrungen\/DSC07378.JPG\"\n               data-thumbnail=\"https:\/\/dev3.quartierverein-zollikerberg.ch\/wp-content\/gallery\/unterfuehrungen\/thumbs\/thumbs_DSC07378.JPG\"\n               data-image-id=\"186\"\n               data-title=\"DSC07378\"\n               data-description=\"\"\n               data-image-slug=\"dsc07378\"\n               class=\"ngg-fancybox\" rel=\"c0ab1cc1f5cbef37cb8892d25fe552b6\">\n                <img\n                    title=\"DSC07378\"\n                    alt=\"DSC07378\"\n                    src=\"https:\/\/dev3.quartierverein-zollikerberg.ch\/wp-content\/gallery\/unterfuehrungen\/thumbs\/thumbs_DSC07378.JPG\"\n                    width=\"240\"\n                    height=\"160\"\n                    style=\"max-width:100%;\"\n                \/>\n            <\/a>\n        <\/div>\n\t\t\t\t\t\t\t<\/div> \n\t\t\t\n        \n\t\t\t\t<div id=\"ngg-image-2\" class=\"ngg-gallery-thumbnail-box\" >\n\t\t\t\t        <div class=\"ngg-gallery-thumbnail\">\n            <a href=\"https:\/\/dev3.quartierverein-zollikerberg.ch\/wp-content\/gallery\/unterfuehrungen\/DSC07380.JPG\"\n               title=\"\"\n               data-src=\"https:\/\/dev3.quartierverein-zollikerberg.ch\/wp-content\/gallery\/unterfuehrungen\/DSC07380.JPG\"\n               data-thumbnail=\"https:\/\/dev3.quartierverein-zollikerberg.ch\/wp-content\/gallery\/unterfuehrungen\/thumbs\/thumbs_DSC07380.JPG\"\n               data-image-id=\"187\"\n               data-title=\"DSC07380\"\n               data-description=\"\"\n               data-image-slug=\"dsc07380\"\n               class=\"ngg-fancybox\" rel=\"c0ab1cc1f5cbef37cb8892d25fe552b6\">\n                <img\n                    title=\"DSC07380\"\n                    alt=\"DSC07380\"\n                    src=\"https:\/\/dev3.quartierverein-zollikerberg.ch\/wp-content\/gallery\/unterfuehrungen\/thumbs\/thumbs_DSC07380.JPG\"\n                    width=\"240\"\n                    height=\"160\"\n                    style=\"max-width:100%;\"\n                \/>\n            <\/a>\n        <\/div>\n\t\t\t\t\t\t\t<\/div> \n\t\t\t\n        \n\t\t\t\t<div id=\"ngg-image-3\" class=\"ngg-gallery-thumbnail-box\" >\n\t\t\t\t        <div class=\"ngg-gallery-thumbnail\">\n            <a href=\"https:\/\/dev3.quartierverein-zollikerberg.ch\/wp-content\/gallery\/unterfuehrungen\/DSC07395.JPG\"\n               title=\"\"\n               data-src=\"https:\/\/dev3.quartierverein-zollikerberg.ch\/wp-content\/gallery\/unterfuehrungen\/DSC07395.JPG\"\n               data-thumbnail=\"https:\/\/dev3.quartierverein-zollikerberg.ch\/wp-content\/gallery\/unterfuehrungen\/thumbs\/thumbs_DSC07395.JPG\"\n               data-image-id=\"188\"\n               data-title=\"DSC07395\"\n               data-description=\"\"\n               data-image-slug=\"dsc07395\"\n               class=\"ngg-fancybox\" rel=\"c0ab1cc1f5cbef37cb8892d25fe552b6\">\n                <img\n                    title=\"DSC07395\"\n                    alt=\"DSC07395\"\n                    src=\"https:\/\/dev3.quartierverein-zollikerberg.ch\/wp-content\/gallery\/unterfuehrungen\/thumbs\/thumbs_DSC07395.JPG\"\n                    width=\"240\"\n                    height=\"160\"\n                    style=\"max-width:100%;\"\n                \/>\n            <\/a>\n        <\/div>\n\t\t\t\t\t\t\t<\/div> \n\t\t\t\n        \n\t\t\t\t<div id=\"ngg-image-4\" class=\"ngg-gallery-thumbnail-box\" >\n\t\t\t\t        <div class=\"ngg-gallery-thumbnail\">\n            <a href=\"https:\/\/dev3.quartierverein-zollikerberg.ch\/wp-content\/gallery\/unterfuehrungen\/DSC07430.JPG\"\n               title=\"\"\n               data-src=\"https:\/\/dev3.quartierverein-zollikerberg.ch\/wp-content\/gallery\/unterfuehrungen\/DSC07430.JPG\"\n               data-thumbnail=\"https:\/\/dev3.quartierverein-zollikerberg.ch\/wp-content\/gallery\/unterfuehrungen\/thumbs\/thumbs_DSC07430.JPG\"\n               data-image-id=\"189\"\n               data-title=\"DSC07430\"\n               data-description=\"\"\n               data-image-slug=\"dsc07430\"\n               class=\"ngg-fancybox\" rel=\"c0ab1cc1f5cbef37cb8892d25fe552b6\">\n                <img\n                    title=\"DSC07430\"\n                    alt=\"DSC07430\"\n                    src=\"https:\/\/dev3.quartierverein-zollikerberg.ch\/wp-content\/gallery\/unterfuehrungen\/thumbs\/thumbs_DSC07430.JPG\"\n                    width=\"240\"\n                    height=\"160\"\n                    style=\"max-width:100%;\"\n                \/>\n            <\/a>\n        <\/div>\n\t\t\t\t\t\t\t<\/div> \n\t\t\t\n        \n\t\t\t\t<div id=\"ngg-image-5\" class=\"ngg-gallery-thumbnail-box\" >\n\t\t\t\t        <div class=\"ngg-gallery-thumbnail\">\n            <a href=\"https:\/\/dev3.quartierverein-zollikerberg.ch\/wp-content\/gallery\/unterfuehrungen\/DSC07433.JPG\"\n               title=\"\"\n               data-src=\"https:\/\/dev3.quartierverein-zollikerberg.ch\/wp-content\/gallery\/unterfuehrungen\/DSC07433.JPG\"\n               data-thumbnail=\"https:\/\/dev3.quartierverein-zollikerberg.ch\/wp-content\/gallery\/unterfuehrungen\/thumbs\/thumbs_DSC07433.JPG\"\n               data-image-id=\"190\"\n               data-title=\"DSC07433\"\n               data-description=\"\"\n               data-image-slug=\"dsc07433\"\n               class=\"ngg-fancybox\" rel=\"c0ab1cc1f5cbef37cb8892d25fe552b6\">\n                <img\n                    title=\"DSC07433\"\n                    alt=\"DSC07433\"\n                    src=\"https:\/\/dev3.quartierverein-zollikerberg.ch\/wp-content\/gallery\/unterfuehrungen\/thumbs\/thumbs_DSC07433.JPG\"\n                    width=\"240\"\n                    height=\"160\"\n                    style=\"max-width:100%;\"\n                \/>\n            <\/a>\n        <\/div>\n\t\t\t\t\t\t\t<\/div> \n\t\t\t\n        \n\t\t\t\t<div id=\"ngg-image-6\" class=\"ngg-gallery-thumbnail-box\" >\n\t\t\t\t        <div class=\"ngg-gallery-thumbnail\">\n            <a href=\"https:\/\/dev3.quartierverein-zollikerberg.ch\/wp-content\/gallery\/unterfuehrungen\/DSC07353.JPG\"\n               title=\"\"\n               data-src=\"https:\/\/dev3.quartierverein-zollikerberg.ch\/wp-content\/gallery\/unterfuehrungen\/DSC07353.JPG\"\n               data-thumbnail=\"https:\/\/dev3.quartierverein-zollikerberg.ch\/wp-content\/gallery\/unterfuehrungen\/thumbs\/thumbs_DSC07353.JPG\"\n               data-image-id=\"191\"\n               data-title=\"DSC07353\"\n               data-description=\"\"\n               data-image-slug=\"dsc07353\"\n               class=\"ngg-fancybox\" rel=\"c0ab1cc1f5cbef37cb8892d25fe552b6\">\n                <img\n                    title=\"DSC07353\"\n                    alt=\"DSC07353\"\n                    src=\"https:\/\/dev3.quartierverein-zollikerberg.ch\/wp-content\/gallery\/unterfuehrungen\/thumbs\/thumbs_DSC07353.JPG\"\n                    width=\"240\"\n                    height=\"160\"\n                    style=\"max-width:100%;\"\n                \/>\n            <\/a>\n        <\/div>\n\t\t\t\t\t\t\t<\/div> \n\t\t\t\n        \n\t\t\t\t<div id=\"ngg-image-7\" class=\"ngg-gallery-thumbnail-box\" >\n\t\t\t\t        <div class=\"ngg-gallery-thumbnail\">\n            <a href=\"https:\/\/dev3.quartierverein-zollikerberg.ch\/wp-content\/gallery\/unterfuehrungen\/DSC07360.JPG\"\n               title=\"\"\n               data-src=\"https:\/\/dev3.quartierverein-zollikerberg.ch\/wp-content\/gallery\/unterfuehrungen\/DSC07360.JPG\"\n               data-thumbnail=\"https:\/\/dev3.quartierverein-zollikerberg.ch\/wp-content\/gallery\/unterfuehrungen\/thumbs\/thumbs_DSC07360.JPG\"\n               data-image-id=\"192\"\n               data-title=\"DSC07360\"\n               data-description=\"\"\n               data-image-slug=\"dsc07360\"\n               class=\"ngg-fancybox\" rel=\"c0ab1cc1f5cbef37cb8892d25fe552b6\">\n                <img\n                    title=\"DSC07360\"\n                    alt=\"DSC07360\"\n                    src=\"https:\/\/dev3.quartierverein-zollikerberg.ch\/wp-content\/gallery\/unterfuehrungen\/thumbs\/thumbs_DSC07360.JPG\"\n                    width=\"240\"\n                    height=\"160\"\n                    style=\"max-width:100%;\"\n                \/>\n            <\/a>\n        <\/div>\n\t\t\t\t\t\t\t<\/div> \n\t\t\t\n        \n\t\t\t\t<div id=\"ngg-image-8\" class=\"ngg-gallery-thumbnail-box\" >\n\t\t\t\t        <div class=\"ngg-gallery-thumbnail\">\n            <a href=\"https:\/\/dev3.quartierverein-zollikerberg.ch\/wp-content\/gallery\/unterfuehrungen\/DSC07370.JPG\"\n               title=\"\"\n               data-src=\"https:\/\/dev3.quartierverein-zollikerberg.ch\/wp-content\/gallery\/unterfuehrungen\/DSC07370.JPG\"\n               data-thumbnail=\"https:\/\/dev3.quartierverein-zollikerberg.ch\/wp-content\/gallery\/unterfuehrungen\/thumbs\/thumbs_DSC07370.JPG\"\n               data-image-id=\"193\"\n               data-title=\"DSC07370\"\n               data-description=\"\"\n               data-image-slug=\"dsc07370\"\n               class=\"ngg-fancybox\" rel=\"c0ab1cc1f5cbef37cb8892d25fe552b6\">\n                <img\n                    title=\"DSC07370\"\n                    alt=\"DSC07370\"\n                    src=\"https:\/\/dev3.quartierverein-zollikerberg.ch\/wp-content\/gallery\/unterfuehrungen\/thumbs\/thumbs_DSC07370.JPG\"\n                    width=\"240\"\n                    height=\"160\"\n                    style=\"max-width:100%;\"\n                \/>\n            <\/a>\n        <\/div>\n\t\t\t\t\t\t\t<\/div> \n\t\t\t\n        \n\t\t\n\t\t<!-- Pagination -->\n\t<div class='ngg-clear'><\/div>\t<\/div>\n\n\n\n\n<p>Im September 2016 hat man wieder mal einen formellen <a href=\"https:\/\/dev3.quartierverein-zollikerberg.ch\/wp-content\/uploads\/2016\/10\/B-Kant-Tiefbauamt-Unterf\u00fchrungen-rev-Sept-2016.pdf\">Brief ans kantonale Tiefbauamt<\/a>&nbsp;geschickt, da dieses f\u00fcr Objekte unter den Kantonsstrassen zust\u00e4ndig ist.<\/p>\n\n\n<div id=\"wppdfemb-frame-container-1891\"><iframe id=\"wppdf-emb-iframe-1891\" scrolling=\"no\" data-pdf-index=\"2\" class=\"pdfembed-iframe nonfullscreen\" style=\"border: none; width:100%; max-width: 100%; min-height: 1000px;\" src=\"https:\/\/dev3.quartierverein-zollikerberg.ch?pdfID=1891&#038;url=https%3A%2F%2Fdev3.quartierverein-zollikerberg.ch%2Fwp-content%2Fuploads%2F2019%2F06%2FAmt-f%C3%BCr-Verkehr-PU-Forchstrasse-161107.pdf&#038;index=2\" ><\/iframe><\/div>\n\n\n<p><\/p>\n","protected":false},"excerpt":{"rendered":"<div class=\"mh-excerpt\"><p>Der Quartierverein beobachtet schon seit langem die problematische Qualit\u00e4t der Unterf\u00fchrungen im Zollikerberg. Der Zustand einzelner Unterf\u00fchrungen hat sich deutlich verschlechtert und die Schmierereien sind ein grosses Aergernis! Im September 2016 hat man wieder mal <a class=\"mh-excerpt-more\" href=\"https:\/\/dev3.quartierverein-zollikerberg.ch\/?page_id=684\" title=\"Unterf\u00fchrungen\">[&#8230;]<\/a><\/p>\n<\/div>","protected":false},"author":1,"featured_media":0,"parent":405,"menu_order":0,"comment_status":"closed","ping_status":"closed","template":"","meta":{"ngg_post_thumbnail":0},"_links":{"self":[{"href":"https:\/\/dev3.quartierverein-zollikerberg.ch\/index.php?rest_route=\/wp\/v2\/pages\/684"}],"collection":[{"href":"https:\/\/dev3.quartierverein-zollikerberg.ch\/index.php?rest_route=\/wp\/v2\/pages"}],"about":[{"href":"https:\/\/dev3.quartierverein-zollikerberg.ch\/index.php?rest_route=\/wp\/v2\/types\/page"}],"author":[{"embeddable":true,"href":"https:\/\/dev3.quartierverein-zollikerberg.ch\/index.php?rest_route=\/wp\/v2\/users\/1"}],"replies":[{"embeddable":true,"href":"https:\/\/dev3.quartierverein-zollikerberg.ch\/index.php?rest_route=%2Fwp%2Fv2%2Fcomments&post=684"}],"version-history":[{"count":7,"href":"https:\/\/dev3.quartierverein-zollikerberg.ch\/index.php?rest_route=\/wp\/v2\/pages\/684\/revisions"}],"predecessor-version":[{"id":2246,"href":"https:\/\/dev3.quartierverein-zollikerberg.ch\/index.php?rest_route=\/wp\/v2\/pages\/684\/revisions\/2246"}],"up":[{"embeddable":true,"href":"https:\/\/dev3.quartierverein-zollikerberg.ch\/index.php?rest_route=\/wp\/v2\/pages\/405"}],"wp:attachment":[{"href":"https:\/\/dev3.quartierverein-zollikerberg.ch\/index.php?rest_route=%2Fwp%2Fv2%2Fmedia&parent=684"}],"curies":[{"name":"wp","href":"https:\/\/api.w.org\/{rel}","templated":true}]}}